{"id":309,"date":"2020-01-13T11:17:52","date_gmt":"2020-01-13T11:17:52","guid":{"rendered":"https:\/\/demosites.io\/web-agency-gb\/?page_id=5"},"modified":"2024-06-11T14:47:33","modified_gmt":"2024-06-11T14:47:33","slug":"15c42-web-agency-gb-home","status":"publish","type":"page","link":"https:\/\/argox.es\/","title":{"rendered":"Home"},"content":{"rendered":"\n<div class=\"wp-block-cover alignfull\" style=\"min-height:700px;aspect-ratio:unset;\"><span aria-hidden=\"true\" class=\"wp-block-cover__background has-background-dim-0 has-background-dim\"><\/span><img loading=\"lazy\" decoding=\"async\" width=\"1456\" height=\"639\" class=\"wp-block-cover__image-background wp-image-407\" alt=\"\" src=\"https:\/\/argox.es\/wp-content\/uploads\/2023\/08\/foto-deportistas-argox.jpg\" data-object-fit=\"cover\" srcset=\"https:\/\/argox.es\/wp-content\/uploads\/2023\/08\/foto-deportistas-argox.jpg 1456w, https:\/\/argox.es\/wp-content\/uploads\/2023\/08\/foto-deportistas-argox-300x132.jpg 300w, https:\/\/argox.es\/wp-content\/uploads\/2023\/08\/foto-deportistas-argox-1024x449.jpg 1024w, https:\/\/argox.es\/wp-content\/uploads\/2023\/08\/foto-deportistas-argox-768x337.jpg 768w\" sizes=\"auto, (max-width: 1456px) 100vw, 1456px\" \/><div class=\"wp-block-cover__inner-container is-layout-flow wp-block-cover-is-layout-flow\">\n<div style=\"height:80px\" aria-hidden=\"true\" class=\"wp-block-spacer\"><\/div>\n\n\n\n<p class=\"has-text-align-center has-text-color\" style=\"color:#121212;font-size:17px\"><\/p>\n\n\n<div class=\"wp-block-image\">\n<figure class=\"aligncenter size-full is-resized\"><img loading=\"lazy\" decoding=\"async\" width=\"663\" height=\"649\" src=\"https:\/\/argox.es\/wp-content\/uploads\/2023\/08\/argox-degradado.png\" alt=\"\" class=\"wp-image-406\" style=\"width:-306px;height:-299px\" srcset=\"https:\/\/argox.es\/wp-content\/uploads\/2023\/08\/argox-degradado.png 663w, https:\/\/argox.es\/wp-content\/uploads\/2023\/08\/argox-degradado-300x294.png 300w\" sizes=\"auto, (max-width: 663px) 100vw, 663px\" \/><\/figure>\n<\/div>\n\n\n<div style=\"height:80px\" aria-hidden=\"true\" class=\"wp-block-spacer\"><\/div>\n\n\n\n<div style=\"height:80px\" aria-hidden=\"true\" class=\"wp-block-spacer\"><\/div>\n\n\n\n<div class=\"wp-block-buttons is-horizontal is-content-justification-center is-layout-flex wp-container-core-buttons-is-layout-9393892f wp-block-buttons-is-layout-flex\"><\/div>\n<\/div><\/div>\n\n\n\n<div style=\"height:80px\" aria-hidden=\"true\" class=\"wp-block-spacer\"><\/div>\n\n\n\n<div class=\"wp-block-columns is-layout-flex wp-container-core-columns-is-layout-9d6595d7 wp-block-columns-is-layout-flex\">\n<div class=\"wp-block-column is-layout-flow wp-block-column-is-layout-flow\"><div class=\"wp-block-image icon-style is-style-rounded\">\n<figure class=\"aligncenter size-full\"><img loading=\"lazy\" decoding=\"async\" width=\"72\" height=\"72\" src=\"https:\/\/argox.es\/wp-content\/uploads\/2023\/08\/argox-ok.png\" alt=\"\" class=\"wp-image-380\" title=\"\"\/><\/figure>\n<\/div>\n\n\n<div style=\"height:20px\" aria-hidden=\"true\" class=\"wp-block-spacer\"><\/div>\n\n\n\n<h3 class=\"wp-block-heading has-text-align-center has-neve-text-color-color has-text-color\">Proyectos con precio fijo<\/h3>\n\n\n\n<p class=\"has-text-align-center\">Ofrecemos soluciones fiables y transparentes con costos fijos, brindando a nuestros clientes la tranquilidad de saber que su proyecto se completar\u00e1 dentro del presupuesto acordado.<\/p>\n\n\n\n<div style=\"height:20px\" aria-hidden=\"true\" class=\"wp-block-spacer\"><\/div>\n<\/div>\n\n\n\n<div class=\"wp-block-column is-layout-flow wp-block-column-is-layout-flow\"><div class=\"wp-block-image icon-style is-style-rounded\">\n<figure class=\"aligncenter size-full\"><img loading=\"lazy\" decoding=\"async\" width=\"72\" height=\"72\" src=\"https:\/\/argox.es\/wp-content\/uploads\/2023\/08\/argox-diamond.png\" alt=\"\" class=\"wp-image-382\"\/><\/figure>\n<\/div>\n\n\n<div style=\"height:20px\" aria-hidden=\"true\" class=\"wp-block-spacer\"><\/div>\n\n\n\n<h3 class=\"wp-block-heading has-text-align-center has-neve-text-color-color has-text-color\"><strong>Entregas Puntuales<\/strong><\/h3>\n\n\n\n<p class=\"has-text-align-center\">Garantizamos entregas a tiempo para que tu proyecto avance sin contratiempos. En Argox, comprendemos la importancia del tiempo y nos comprometemos a cumplir con los plazos acordados.<\/p>\n\n\n\n<div style=\"height:20px\" aria-hidden=\"true\" class=\"wp-block-spacer\"><\/div>\n<\/div>\n\n\n\n<div class=\"wp-block-column is-layout-flow wp-block-column-is-layout-flow\"><div class=\"wp-block-image icon-style is-style-rounded\">\n<figure class=\"aligncenter size-full\"><img loading=\"lazy\" decoding=\"async\" width=\"72\" height=\"72\" src=\"https:\/\/argox.es\/wp-content\/uploads\/2023\/08\/argox-ray.png\" alt=\"\" class=\"wp-image-383\"\/><\/figure>\n<\/div>\n\n\n<div style=\"height:20px\" aria-hidden=\"true\" class=\"wp-block-spacer\"><\/div>\n\n\n\n<h3 class=\"wp-block-heading has-text-align-center has-neve-text-color-color has-text-color\"><strong>Comunicaci\u00f3n R\u00e1pida <\/strong><\/h3>\n\n\n\n<p class=\"has-text-align-center\">Valoramos la comunicaci\u00f3n clara y abierta. En Argox, respondemos r\u00e1pidamente a tus consultas y necesidades, asegurando una colaboraci\u00f3n fluida y eficiente en cada etapa del proyecto.<\/p>\n\n\n\n<div style=\"height:20px\" aria-hidden=\"true\" class=\"wp-block-spacer\"><\/div>\n<\/div>\n<\/div>\n\n\n\n<div style=\"height:80px\" aria-hidden=\"true\" class=\"wp-block-spacer\"><\/div>\n\n\n\n<div class=\"wp-block-cover alignfull\" style=\"min-height:600px;aspect-ratio:unset;\"><span aria-hidden=\"true\" class=\"wp-block-cover__background has-nv-light-bg-background-color has-background-dim-100 has-background-dim\"><\/span><div class=\"wp-block-cover__inner-container is-layout-flow wp-block-cover-is-layout-flow\">\n<div class=\"wp-block-group\"><div class=\"wp-block-group__inner-container is-layout-flow wp-block-group-is-layout-flow\">\n<div class=\"wp-block-columns are-vertically-aligned-center is-layout-flex wp-container-core-columns-is-layout-9d6595d7 wp-block-columns-is-layout-flex\">\n<div class=\"wp-block-column is-vertically-aligned-center is-layout-flow wp-block-column-is-layout-flow\" style=\"flex-basis:50%\">\n<figure class=\"wp-block-image size-full is-resized\"><img loading=\"lazy\" decoding=\"async\" width=\"600\" height=\"600\" src=\"https:\/\/argox.es\/wp-content\/uploads\/2023\/08\/personal-designer.png\" alt=\"\" class=\"wp-image-385\" style=\"width:581px;height:auto\" srcset=\"https:\/\/argox.es\/wp-content\/uploads\/2023\/08\/personal-designer.png 600w, https:\/\/argox.es\/wp-content\/uploads\/2023\/08\/personal-designer-300x300.png 300w, https:\/\/argox.es\/wp-content\/uploads\/2023\/08\/personal-designer-150x150.png 150w\" sizes=\"auto, (max-width: 600px) 100vw, 600px\" \/><\/figure>\n<\/div>\n\n\n\n<div class=\"wp-block-column is-vertically-aligned-center is-layout-flow wp-block-column-is-layout-flow\" style=\"flex-basis:50%\">\n<h2 class=\"wp-block-heading has-text-align-center has-neve-text-color-color has-text-color\"><strong>Dise\u00f1os molones y 100% personalizados para ti<\/strong><\/h2>\n\n\n\n<p class=\"has-text-align-left has-neve-text-color-color has-text-color\" style=\"font-size:17px\">En Argox queremos convertir tus conceptos y pensamientos creativos en dise\u00f1os con estilo y autenticidad. En ARGOX, creemos que cada persona y negocio tiene una historia \u00fanica para contar. Por eso, nos especializamos en crear dise\u00f1os personalizados que no solo son visualmente atractivos, sino tambi\u00e9n significativos para ti.<\/p>\n\n\n\n<div class=\"wp-block-buttons is-horizontal is-content-justification-left is-layout-flex wp-container-core-buttons-is-layout-7e5fce0a wp-block-buttons-is-layout-flex\">\n<div class=\"wp-block-button is-style-primary\"><a class=\"wp-block-button__link wp-element-button\" href=\"https:\/\/argox.es\/web-agency-gb-portfolio-single\/\">\u00a1Flipa!<\/a><\/div>\n<\/div>\n<\/div>\n<\/div>\n<\/div><\/div>\n<\/div><\/div>\n\n\n\n<div class=\"wp-block-cover alignfull\" style=\"min-height:600px;aspect-ratio:unset;\"><span aria-hidden=\"true\" class=\"wp-block-cover__background has-nv-site-bg-background-color has-background-dim-100 has-background-dim\"><\/span><div class=\"wp-block-cover__inner-container is-layout-flow wp-block-cover-is-layout-flow\">\n<div class=\"wp-block-group\"><div class=\"wp-block-group__inner-container is-layout-flow wp-block-group-is-layout-flow\">\n<div class=\"wp-block-columns are-vertically-aligned-center is-layout-flex wp-container-core-columns-is-layout-9d6595d7 wp-block-columns-is-layout-flex\">\n<div class=\"wp-block-column is-vertically-aligned-center is-layout-flow wp-block-column-is-layout-flow\" style=\"flex-basis:50%\">\n<h2 class=\"wp-block-heading has-text-align-center has-neve-text-color-color has-text-color\"><strong>Asesoramiento y estudio de tu dise\u00f1o<\/strong><\/h2>\n\n\n\n<p class=\"has-text-align-left has-neve-text-color-color has-text-color\" style=\"font-size:17px\">En Argox, comprendemos la importancia de un dise\u00f1o textil distintivo para tu marca. Nuestro servicio de asesoramiento experto y estudio detallado asegura que cada hilo de tu visi\u00f3n sea tejido con precisi\u00f3n y creatividad. Transformamos tus ideas en prendas y textiles que no solo visten, sino que cuentan historias. Con nosotros, tu marca ser\u00e1 m\u00e1s que una prenda: ser\u00e1 una experiencia. D\u00e9janos convertir tus conceptos en moda de alto impacto.<\/p>\n\n\n\n<div class=\"wp-block-buttons is-horizontal is-content-justification-left is-layout-flex wp-container-core-buttons-is-layout-7e5fce0a wp-block-buttons-is-layout-flex\">\n<div class=\"wp-block-button is-style-primary\"><a class=\"wp-block-button__link wp-element-button\" href=\"https:\/\/argox.es\/web-agency-gb-portfolio-single\/\">\u00a1Ve a por ello!<\/a><\/div>\n<\/div>\n\n\n\n<div style=\"height:40px\" aria-hidden=\"true\" class=\"wp-block-spacer\"><\/div>\n<\/div>\n\n\n\n<div class=\"wp-block-column is-vertically-aligned-center is-layout-flow wp-block-column-is-layout-flow\" style=\"flex-basis:50%\">\n<figure class=\"wp-block-image size-full\"><img loading=\"lazy\" decoding=\"async\" width=\"600\" height=\"600\" src=\"https:\/\/argox.es\/wp-content\/uploads\/2023\/08\/diseno-argox.png\" alt=\"\" class=\"wp-image-387\" srcset=\"https:\/\/argox.es\/wp-content\/uploads\/2023\/08\/diseno-argox.png 600w, https:\/\/argox.es\/wp-content\/uploads\/2023\/08\/diseno-argox-300x300.png 300w, https:\/\/argox.es\/wp-content\/uploads\/2023\/08\/diseno-argox-150x150.png 150w\" sizes=\"auto, (max-width: 600px) 100vw, 600px\" \/><\/figure>\n<\/div>\n<\/div>\n\n\n\n<div style=\"height:40px\" aria-hidden=\"true\" class=\"wp-block-spacer\"><\/div>\n<\/div><\/div>\n<\/div><\/div>\n\n\n\n<div class=\"wp-block-cover alignfull\" style=\"min-height:600px;aspect-ratio:unset;\"><span aria-hidden=\"true\" class=\"wp-block-cover__background has-nv-dark-bg-background-color has-background-dim-100 has-background-dim\"><\/span><div class=\"wp-block-cover__inner-container is-layout-flow wp-block-cover-is-layout-flow\">\n<div class=\"wp-block-group\"><div class=\"wp-block-group__inner-container is-layout-flow wp-block-group-is-layout-flow\">\n<div class=\"wp-block-columns are-vertically-aligned-center is-layout-flex wp-container-core-columns-is-layout-9d6595d7 wp-block-columns-is-layout-flex\">\n<div class=\"wp-block-column is-vertically-aligned-center is-layout-flow wp-block-column-is-layout-flow\" style=\"flex-basis:50%\">\n<figure class=\"wp-block-image size-full is-resized\"><img loading=\"lazy\" decoding=\"async\" width=\"600\" height=\"600\" src=\"https:\/\/argox.es\/wp-content\/uploads\/2023\/08\/valores-argox.png\" alt=\"\" class=\"wp-image-388\" style=\"width:578px;height:578px\" srcset=\"https:\/\/argox.es\/wp-content\/uploads\/2023\/08\/valores-argox.png 600w, https:\/\/argox.es\/wp-content\/uploads\/2023\/08\/valores-argox-300x300.png 300w, https:\/\/argox.es\/wp-content\/uploads\/2023\/08\/valores-argox-150x150.png 150w\" sizes=\"auto, (max-width: 600px) 100vw, 600px\" \/><\/figure>\n<\/div>\n\n\n\n<div class=\"wp-block-column is-vertically-aligned-center is-layout-flow wp-block-column-is-layout-flow\" style=\"flex-basis:50%\">\n<div style=\"height:40px\" aria-hidden=\"true\" class=\"wp-block-spacer\"><\/div>\n\n\n\n<h2 class=\"wp-block-heading has-text-align-center has-nv-text-dark-bg-color has-text-color\"><strong>V<\/strong>alores de Marca<\/h2>\n\n\n\n<p>En Argox.es, nos enorgullecemos de nuestra pasi\u00f3n por el deporte y nuestra dedicaci\u00f3n a la personalizaci\u00f3n creativa. Nuestros valores son la piedra angular de nuestro compromiso contigo:<\/p>\n\n\n\n<p><strong>Creatividad Ilimitada<\/strong>: <em>Dise\u00f1os \u00fanicos y personalizados que reflejan tu estilo y pasi\u00f3n por el deporte.<\/em><\/p>\n\n\n\n<p><strong>Calidad Inigualable: <\/strong><em>Productos duraderos y de alta calidad que cumplen con los est\u00e1ndares m\u00e1s exigentes.<\/em><\/p>\n\n\n\n<p><strong>Servicio Excepcional<\/strong>: <em>Atenci\u00f3n al cliente personalizada y asesoramiento experto para satisfacer todas tus necesidades.<\/em><\/p>\n\n\n\n<p><strong>Compromiso Social:<\/strong> <em>Contribuimos a la comunidad y apoyamos iniciativas deportivas para un impacto positivo.<\/em><\/p>\n\n\n\n<p>En Argox.es, no solo personalizamos, creamos experiencias deportivas aut\u00e9nticas. \u00a1Descubre el poder de la personalizaci\u00f3n con nosotros!<\/p>\n\n\n\n<div class=\"wp-block-buttons is-horizontal is-content-justification-left is-layout-flex wp-container-core-buttons-is-layout-7e5fce0a wp-block-buttons-is-layout-flex\">\n<div class=\"wp-block-button is-style-primary\"><a class=\"wp-block-button__link wp-element-button\" href=\"https:\/\/argox.es\/web-agency-gb-about-us\/\">\u00a1Conf\u00eda en nosotros!<\/a><\/div>\n<\/div>\n<\/div>\n<\/div>\n\n\n\n<div style=\"height:50px\" aria-hidden=\"true\" class=\"wp-block-spacer\"><\/div>\n<\/div><\/div>\n<\/div><\/div>\n\n\n\n<div class=\"wp-block-cover alignfull\" style=\"min-height:300px;aspect-ratio:unset;\"><span aria-hidden=\"true\" class=\"wp-block-cover__background has-nv-dark-bg-background-color has-background-dim-100 has-background-dim\"><\/span><div class=\"wp-block-cover__inner-container is-layout-flow wp-block-cover-is-layout-flow\">\n<h2 class=\"wp-block-heading has-text-align-center has-nv-text-dark-bg-color has-text-color\"><strong>\u00a1Transforma tu idea en dise\u00f1o!<\/strong><\/h2>\n\n\n\n<p class=\"has-text-align-center\">\u00abEn Argox.es, entendemos que cada proyecto es especial y merece una atenci\u00f3n individualizada. Por eso, nos comprometemos a facilitarte el presupuesto m\u00e1s ajustado y personalizado en un m\u00e1ximo de 24 horas. Nuestro equipo de expertos se esfuerza por entender tus necesidades y superar tus expectativas, sin importar cu\u00e1l sea tu visi\u00f3n o presupuesto. Creemos que la personalizaci\u00f3n de calidad deber\u00eda ser accesible para todos. As\u00ed que, si tienes una idea en mente, no dudes en contactarnos. Estamos aqu\u00ed para convertir tus sue\u00f1os en prendas \u00fanicas y asequibles. <\/p>\n\n\n\n<p class=\"has-text-align-center\">\u00a1Hazlo realidad con Argox hoy mismo!\u00bb<\/p>\n\n\n\n<div class=\"wp-block-buttons is-horizontal is-content-justification-center is-layout-flex wp-container-core-buttons-is-layout-499968f5 wp-block-buttons-is-layout-flex\">\n<div class=\"wp-block-button is-style-primary\"><a class=\"wp-block-button__link wp-element-button\" href=\"https:\/\/argox.es\/web-agency-gb-contact-us\/\">\u00a1An\u00edmate!<\/a><\/div>\n<\/div>\n\n\n\n<div style=\"height:140px\" aria-hidden=\"true\" class=\"wp-block-spacer\"><\/div>\n<\/div><\/div>\n","protected":false},"excerpt":{"rendered":"<p>Proyectos con precio fijo Ofrecemos soluciones fiables y transparentes con costos fijos, brindando a nuestros clientes la tranquilidad de saber que su proyecto se completar\u00e1 dentro del presupuesto acordado. Entregas Puntuales Garantizamos entregas a tiempo para que tu proyecto avance sin contratiempos. En Argox, comprendemos la importancia del tiempo y nos comprometemos a cumplir con&hellip;&nbsp;<a href=\"https:\/\/argox.es\/\" class=\"\" rel=\"bookmark\">Leer m\u00e1s &raquo;<span class=\"screen-reader-text\">Home<\/span><\/a><\/p>\n","protected":false},"author":1,"featured_media":0,"parent":0,"menu_order":0,"comment_status":"closed","ping_status":"closed","template":"","meta":{"neve_meta_sidebar":"default","neve_meta_container":"default","neve_meta_enable_content_width":"on","neve_meta_content_width":100,"neve_meta_title_alignment":"","neve_meta_author_avatar":"","neve_post_elements_order":"","neve_meta_disable_header":"","neve_meta_disable_footer":"","neve_meta_disable_title":"on","_themeisle_gutenberg_block_has_review":false,"_ti_tpc_template_sync":false,"_ti_tpc_template_id":"5udqur826ojgsxrmsxsc","footnotes":""},"class_list":["post-309","page","type-page","status-publish","hentry"],"_links":{"self":[{"href":"https:\/\/argox.es\/index.php?rest_route=\/wp\/v2\/pages\/309","targetHints":{"allow":["GET"]}}],"collection":[{"href":"https:\/\/argox.es\/index.php?rest_route=\/wp\/v2\/pages"}],"about":[{"href":"https:\/\/argox.es\/index.php?rest_route=\/wp\/v2\/types\/page"}],"author":[{"embeddable":true,"href":"https:\/\/argox.es\/index.php?rest_route=\/wp\/v2\/users\/1"}],"replies":[{"embeddable":true,"href":"https:\/\/argox.es\/index.php?rest_route=%2Fwp%2Fv2%2Fcomments&post=309"}],"version-history":[{"count":26,"href":"https:\/\/argox.es\/index.php?rest_route=\/wp\/v2\/pages\/309\/revisions"}],"predecessor-version":[{"id":576,"href":"https:\/\/argox.es\/index.php?rest_route=\/wp\/v2\/pages\/309\/revisions\/576"}],"wp:attachment":[{"href":"https:\/\/argox.es\/index.php?rest_route=%2Fwp%2Fv2%2Fmedia&parent=309"}],"curies":[{"name":"wp","href":"https:\/\/api.w.org\/{rel}","templated":true}]}}